t is the greatest common divisor of 23677173 and 190?
19
What is the greatest common divisor of 1406 and 2417802?
74
What is the greatest common factor of 45257179 and 18352?
1147
Calculate the highest common factor of 1239 and 3312791.
59
Calculate the greatest common divisor of 8372 and 2740036.
1196
What is the greatest common divisor of 1365455 and 637?
91
What is the greatest common factor of 13455 and 101511?
9
What is the greatest common divisor of 15157675 and 100?
25
Calculate the highest common divisor of 75809 and 23779.
43
Calculate the highest common factor of 1079108 and 125999.
773
What is the greatest common factor of 2711530 and 2237270?
10310
Calculate the highest common divisor of 3291 and 139367268.
3291
Calculate the greatest common factor of 119382 and 401778.
606
What is the greatest common divisor of 1159 and 122383446?
1159
Calculate the highest common divisor of 147 and 12616667.
49
What is the greatest common divisor of 150 and 14950374?
6
What is the highest common divisor of 2016 and 5640012?
252
Calculate the greatest common divisor of 49202 and 949438.
146
What is the highest common factor of 84816 and 563844?
228
Calculate the highest common factor of 329 and 9625741.
47
Calculate the greatest common divisor of 6758082 and 90.
18
What is the greatest common divisor of 2639 and 3995649?
203
Calculate the greatest common factor of 54 and 60802029.
27
Calculate the greatest common factor of 63 and 356786598.
21
Calculate the highest common divisor of 142943394 and 132.
66
What is the greatest common divisor of 57311 and 65562?
223
Calculate the greatest common divisor of 1174 and 16022752.
1174
Calculate the greatest common divisor of 45 and 120239625.
15
What is the greatest common divisor of 7550 and 2134234?
302
What is the highest common factor of 548922 and 2970?
66
Calculate the greatest common divisor of 255 and 3485935.
85
Calculate the highest common factor of 104894 and 1126.
2
Calculate the highest common factor of 62 and 28678658.
62
What is the greatest common factor of 96 and 682218660?
12
What is the greatest common divisor of 74963 and 2429?
7
What is the greatest common divisor of 4630 and 1916357?
463
Calculate the highest common factor of 7208550 and 1800.
450
What is the highest common divisor of 577143066 and 6?
6
Calculate the greatest common factor of 223161 and 33069.
219
Calculate the greatest common factor of 14163996 and 26796.
924
What is the greatest common divisor of 116473419 and 18?
9
Calculate the greatest common factor of 103142992 and 48.
16
What is the highest common divisor of 22035 and 326235?
195
What is the highest common divisor of 1108824 and 103776?
1128
Calculate the greatest common divisor of 432148 and 84.
4
Calculate the greatest common divisor of 5946 and 1586591.
991
What is the highest common divisor of 2586172 and 76?
4
What is the highest common factor of 29024059 and 1383485?
14563
What is the greatest common factor of 2599192 and 40?
8
What is the highest common factor of 1680 and 1101625?
35
What is the greatest common divisor of 37 and 101910099?
37
What is the highest common factor of 1925 and 20412425?
275
What is the greatest common factor of 2666005 and 5185?
305
Calculate the highest common divisor of 1791 and 420921.
9
What is the highest common factor of 571218 and 15972?
6
What is the highest common factor of 3441411 and 6?
3
What is the highest common factor of 342998086 and 170?
34
Calculate the greatest common factor of 1352006 and 516.
86
What is the greatest common factor of 1486693 and 1430207?
463
Calculate the greatest common divisor of 3531 and 11351.
1
Calculate the highest common divisor of 3432 and 391578.
66
What is the highest common factor of 16 and 142064336?
16
What is the greatest common divisor of 2405 and 1240240?
185
What is the highest common divisor of 58956679 and 2140?
107
What is the highest common divisor of 8020 and 27753210?
4010
What is the greatest common factor of 77079993 and 2955?
591
What is the greatest common divisor of 1025627680 and 2324?
2324
What is the highest common divisor of 741867525 and 9450?
4725
Calculate the highest common factor of 66758260 and 12.
4
Calculate the greatest common factor of 12490 and 188109392.
2498
Calculate the greatest common divisor of 5307676 and 85910.
1562
Calculate the highest common factor of 35632 and 4069908.
524
What is the highest common divisor of 296889925 and 102725?
14675
Calculate the greatest common factor of 26494722 and 108.
54
Calculate the highest common factor of 433707813 and 231.
231
What is the greatest common divisor of 931 and 87505089?
133
Calculate the highest common divisor of 94549891 and 5.
1
Calculate the greatest common divisor of 11173040 and 35.
5
Calculate the highest common divisor of 863803034 and 62.
62
Calculate the greatest common factor of 354 and 8968.
118
What is the highest common divisor of 3538 and 3056542?
58
Calculate the greatest common divisor of 1 and 557591.
1
Calculate the highest common divisor of 3070680 and 6144.
24
Calculate the greatest common factor of 11806366 and 143.
143
Calculate the greatest common factor of 118784309 and 35.
7
What is the highest common factor of 1878 and 343488?
6
What is the greatest common divisor of 6724844 and 84?
28
What is the greatest common factor of 33 and 20389600?
11
Calculate the highest common divisor of 3012 and 18774549.
753
Calculate the greatest common factor of 2816814 and 95991.
147
What is the highest common factor of 171168 and 67440?
48
What is the highest common divisor of 92906 and 19263266?
2266
What is the highest common divisor of 651 and 19818827?
217
What is the greatest common divisor of 1390338 and 540?
54
Calculate the greatest common divisor of 1879029 and 15192.
9
What is the highest common divisor of 142397 and 2942509?
1087
What is the highest common factor of 25090800 and 1827?
609
Calculate the highest common divisor of 660652 and 368569.
167
What is the greatest common divisor of 16880 and 10975?
5
Calculate the greatest common factor of 874 and 75883739.
437
What is the highest common factor of 387860 and 867955?
2365
What is the highest common factor of 99017748 and 108?
108
Calculate the highest common divisor of 699 and 25769334.
699
Calculate the greatest common factor of 8355 and 46442660.
2785
What is the greatest common factor of 11782 and 21272401?
5891
Calculate the greatest common divisor of 41004 and 1306619796.
13668
Calculate the highest common factor of 12232 and 3586264.
88
What is the highest common divisor of 3968971 and 639?
71
Calculate the greatest common factor of 143 and 51573093.
143
Calculate the highest common factor of 8957159 and 53.
53
What is the highest common divisor of 13 and 382388773?
13
What is the greatest common divisor of 255 and 19780435?
85
Calculate the highest common factor of 6048 and 665568.
288
What is the highest common divisor of 74166352 and 56?
8
What is the greatest common divisor of 10 and 1135372510?
10
Calculate the highest common factor of 12929730 and 60.
30
What is the greatest common factor of 1248 and 186838392?
312
Calculate the highest common divisor of 14 and 66321934.
14
What is the greatest common divisor of 1712891421 and 2402?
1201
Calculate the greatest common factor of 519312934 and 14.
14
What is the highest common factor of 57472 and 359261064?
3592
Calculate the highest common factor of 37987104 and 1076.
1076
What is the greatest common divisor of 824 and 490589?
103
Calculate the highest common divisor of 13119016 and 184.
184
What is the highest common divisor of 1600346 and 6358?
374
Calculate the greatest common divisor of 76735 and 13184.
103
Calculate the greatest common divisor of 32422240 and 200.
40
Calculate the greatest common divisor of 7550390 and 21170.
730
What is the highest common factor of 9688 and 59030368?
1384
Calculate the highest common factor of 5520 and 58259184.
1104
Calculate the greatest common factor of 136 and 421065724.
68
What is the highest common factor of 100697610 and 40?
10
What is the highest common factor of 5713 and 82099?
29
What is the greatest common factor of 342 and 1028470?
38
Calculate the highest common factor of 534 and 69865.
89
Calculate